 - 3*w, 86 = 3*j + w. What is the remainder when (6/12)/(1/176) is divided by j?
7
Suppose b + 3*b = 68. Let o = 325 + -140. Let w = -118 + o. Calculate the remainder when w is divided by b.
16
Let m = 132822 - 132771. Suppose -4*h + 1053 + 353 = 2*f, -5*h = f - 688. What is the remainder when f is divided by m?
50
Let o(t) = -2*t**3 - t**2 - 15*t - 10. Calculate the remainder when 1948 is divided by o(-2).
28
Let n = 77 - 75. Suppose -3*s = -6, 45 = n*c + 2*s - 95. Suppose 0 = 20*t - 24*t + c. What is the remainder when 50 is divided by t?
16
Suppose 16 = -13*o + 29*o. Calculate the remainder when (2/3)/((8/4188)/o) is divided by 70.
69
Suppose 0 = 5*u + 5*n - 1650, -3*u - 2*n + 1006 = -7*n. Let j = u - 196. Suppose -f - 46 = -2*f. Calculate the remainder when j is divided by f.
44
Suppose q - 2*q = -166. Suppose -4*f + 5*s = -118, -3*s = -2*f + 625 - 571. What is the remainder when q is divided by f?
40
Let u(j) = j**2 + j. Let g(i) = i**3 + 5*i**2 - 9*i - 1. Let q(x) = g(x) - 2*u(x). Let m = -601 - -602. What is the remainder when q(-5) is divided by m?
0
Let x = -157724 + 157733. What is the remainder when -2 + 23*(-2 + 9) is divided by x?
6
Let g be (-3 - (-15)/5)/(-2). Suppose 0 = -5*w + 4*w, g = 4*n + 3*w - 164. Let z = -193 - -274. What is the remainder when z is divided by n?
40
Let l(v) = -12*v - 114. Let h be l(-12). Suppose 17*g = h*g - 1339. What is the remainder when g is divided by 54?
49
Let f(t) = t**2 + 16*t + 5. Let i be f(-11). Let g = -42 - i. Suppose g*o - 88 = 4*o. Calculate the remainder when 42 is divided by o.
20
Calculate the remainder when 299 is divided by (43/21)/(4/24) + 44/(-154).
11
Suppose -20*l - 286 = -7*l. What is the remainder when 23/(l/(-4) - 5) is divided by 13?
7
Let p = 42 + -1. Let d = 148 + -145. Suppose p = 3*z - k, -2*z = -d*k + 7*k - 46. Calculate the remainder when 29 is divided by z.
14
Let r = -154 - -208. Suppose 3*i + 24 = -0*i. What is the remainder when r is divided by ((-21)/(-4))/((-3)/i)?
12
Suppose 0 = -t - 105 + 101, -3*s + t + 253 = 0. Calculate the remainder when 13941 is divided by s.
80
Suppose 24 = 3*n + 123. Let r = 36 + n. Let v(k) = k**2 + k + 2. Calculate the remainder when v(1) is divided by r.
1
Let z(y) = 106*y**2 - 7*y - 3. Calculate the remainder when 323 is divided by z(-1).
103
Let c(s) = 3*s**2 + 11*s - 20. What is the remainder when c(-8) is divided by 18?
12
Let d = -31 + -14. Let o(c) = -c - 11. Let h = 6 + 0. What is the remainder when o(d) is divided by h?
4
Let a = 470 - 429. What is the remainder when (-8 - -10)/(1/184) is divided by a?
40
Let k = -697 - -700. Let o be 2/2 + 2 + -2. What is the remainder when o/((-2 - k)/(-115)) is divided by 8?
7
Let d(f) = -895*f + 776. What is the remainder when d(-8) is divided by 81?
79
Let u = 160 + -151. What is the remainder when (-135)/u*10/(-3) is divided by 13?
11
Let z(q) = 68*q - 27. Calculate the remainder when 367 is divided by z(1).
39
Let g = 111 - -347. Suppose -422 = 3*v - g. Suppose 0 = -5*n - 46 + 326. What is the remainder when n is divided by v?
8
Suppose -o + 1 = 0, 4*c + 25 = -o - 154. Let b = c - -204. Calculate the remainder when b is divided by 7.
5
What is the remainder when 751 is divided by -1*2 + 22/(-22) + 8?
1
Let y(d) = -69 - 23 + 37 + 11*d - 46. Suppose -99 = -5*n - j, 4*n - 33 - 50 = 3*j. Calculate the remainder when y(16) is divided by n.
15
What is the remainder when 2 + ((-72)/(-9) - -391) is divided by 29?
24
Let l be ((-5)/(-5) - -36) + (-4 - 0). Calculate the remainder when 123 is divided by 924/l*3/2.
39
Let m(i) = 4*i - 8. Let f be ((-968)/(-32) + -5)*2*-2. What is the remainder when ((8/4 - 5) + 2)*f is divided by m(15)?
49
Let d(o) = o**3 - 7*o**2 + 61. What is the remainder when 178 is divided by d(7)?
56
Let w = 260 + -258. Suppose -3*b = -3*j - 39, -5*b - 3*j - w*j = -55. Calculate the remainder when 69 is divided by b.
9
Let j = 223 + -144. Let g(f) = -f**2 + 7*f - 18. Let k be g(8). Calculate the remainder when j is divided by ((-4)/10)/(11/110) - k.
13
Calculate the remainder when ((-1)/3)/(((-23)/184)/(127 + -4)) is divided by 7.
6
Let y = -29010 - -29076. Suppose -v = -l - 6 - 11, 5*v - l = 65. Calculate the remainder when y is divided by v.
6
Let c = -72 + 122. Suppose -5*h + 4*y + c = 0, 2*y - 6*y = 5*h - 50. What is the remainder when 119 is divided by h?
9
Let q(y) = -y**3 - 28*y**2 + 94*y + 41. Calculate the remainder when 50 is divided by q(-31).
0
Suppose 2*j + 3*f + 261 = 4*j, -5*j = 5*f - 615. Let l = j - 79. Suppose y = -83 + 89. Calculate the remainder when l is divided by y.
5
Let c(i) = 9*i - 122. What is the remainder when 18 is divided by c(15)?
5
Suppose -110*p + 107*p + 876 = 5*g, 4*g - 720 = 4*p. Calculate the remainder when 10618 is divided by g.
175
Suppose 14*j - 26*j + 2691 = 27*j. Calculate the remainder when 742 is divided by j.
52
Let h(q) = 2*q**2 - q - 4. Let u be h(2). Suppose -143 = -u*m + c - 30, -2*c + 49 = m. Suppose -4*r - 13 = -5*r. Calculate the remainder when m is divided by r.
3
What is the remainder when 446 is divided by (1816 + -1819)*(592/(-30) - (-2)/5)?
40
Let l be 75/(-30)*8/(-10). Suppose -3*y - 5*o + l = 0, -9 = -5*y - 4*o + 3. Suppose 21 = y*f + 3*f. Calculate the remainder when 4 is divided by f.
1
Let q(x) = x**3 - 5*x**2 - 6*x + 5. Let h(o) = -2*o**3 + 16*o**2 + 15*o + 13. Let w be h(7). Let m = 238 - w. What is the remainder when m is divided by q(6)?
2
Suppose -8*s = 78 - 710. What is the remainder when 112 is divided by s?
33
Let o(v) = -8*v + 4. Let x(b) = b + 11. Let f(j) = 2*j + 29. Let m be f(-15). What is the remainder when o(-3) is divided by x(m)?
8
Suppose -5*b - 316 = -4*l, -2*b = -4*l + 477 - 173. What is the remainder when 378 is divided by l?
8
Let q(y) = 289*y + 4571. What is the remainder when 557 is divided by q(-15)?
85
Suppose l + 5*d - 303 = -260, -59 = -5*l + d. What is the remainder when 2180 is divided by l?
9
Let a = 2853 - 2766. Calculate the remainder when 180 is divided by a.
6
Suppose -2*f - 5 = 3*b - 49, 0 = -4*b. Suppose 1419 = f*p - 407. Calculate the remainder when p is divided by (-4)/((-3)/((-42)/(-4))).
13
Suppose 3*k - 474 = -156. Suppose 0 = 4*f + k - 190. Let j = 223 + -123. Calculate the remainder when j is divided by f.
16
Suppose 824*j - 827*j = -120. Calculate the remainder when (-12)/(-4) - -3*36 is divided by j.
31
Let x(p) = 3*p - 18. Suppose 0 = 13*s - 256 - 56. What is the remainder when s is divided by x(8)?
0
Let m = -153 + 153. Suppose m = 2*x + 5*l - l - 270, 5*l + 630 = 5*x. Calculate the remainder when x is divided by 26.
25
Let m = -4026 - -4651. Calculate the remainder when m is divided by 43.
23
Let d be (-5)/15 - 3/(-18)*98. Let f(p) = 2*p**2 + 10*p + 10. Let k be f(-10). Suppose 14*s - d*s = -k. Calculate the remainder when 105 is divided by s.
50
What is the remainder when 18039 is divided by -15*2/(-5)*510/306?
9
Let z = -638 - -1033. Suppose -125 + z = 5*m. Calculate the remainder when m is divided by 14.
12
What is the remainder when 429 is divided by (-16)/(-88) - (0 + -2)/(352/3136)?
15
Let n(t) = t**3 - 4*t**2 - 14*t - 4. Let w = 31 + -24. Let f be n(w). Let g = f + -17. What is the remainder when g is divided by 15?
13
Let h(g) = -1174*g + 8. Calculate the remainder when h(-2) is divided by 9.
7
Suppose 72*y - 35*y = 2*y + 5215. Calculate the remainder when 2077 is divided by y.
140
Let p be ((63/(-6))/(-7))/((-4)/(-16)). Suppose 21 = p*n - 195. Calculate the remainder when n is divided by 13.
10
Suppose -9*c + 65 = 4*c. Suppose -c*m - m + 894 = 0. What is the remainder when m is divided by 10/(34/10 + -3)?
24
Let y(z) be the first derivative of 17*z**2/2 - 10*z + 47. Let w be y(8). Calculate the remainder when 49 is divided by w/15 + 21/35.
4
What is the remainder when 298 is divided by (-3 - 27) + 14 - -43?
1
Let c(x) = -13*x**3 - 9*x**2 + 37*x + 18. Calculate the remainder when c(-4) is divided by 30.
18
Suppose 51*o = 55*o - 3*z - 79, 2*o + 2*z - 22 = 0. Suppose o*y - 28 = 12*y. Calculate the remainder when ((-4)/6)/(2/(-66)) is divided by y.
1
Suppose 0 = -619*w + 594*w + 3150. Calculate the remainder when w is divided by 84.
42
Suppose 467 = 2*x - 83. What is the remainder when x is divided by (-1)/(-7)*-2 - (-44)/7?
5
Suppose -11*q = -6*q - 20, -5